is the hundreds digit of ((-473)/(-33))/(7/c)?
1
Let t = 24942 - 19949. What is the hundreds digit of t?
9
Let u(x) = x**3 + 5*x**2 - 10*x + 17. Let a be u(-6). Let f(g) = -a - 35*g + 75*g - 29*g. What is the units digit of f(4)?
3
Suppose -42*w + 44*w + 90 = 0. Let r = -27 - w. Suppose 0 = r*j - 16*j - 234. What is the hundreds digit of j?
1
Let m(f) = -f**3 - f**2 - 5*f + 1309. What is the units digit of m(0)?
9
Let k(z) = -9*z + 2. Let y be 0 - ((-6)/(-10) + (-32)/20). Let t be k(y). Let w(j) = -j**2 - 7*j + 21. What is the tens digit of w(t)?
2
Let i = 6493 - 4347. What is the tens digit of i?
4
Suppose -2*q + 263804 = -5*y, 0*y + 8 = -2*y. What is the tens digit of 3/36 + q/144?
1
Suppose -3853 = -28*b + 8355. Suppose -p - n = -b, 1272 + 471 = 4*p + 5*n. What is the tens digit of p?
3
Let c(w) = -w + 3. Let u be c(1). Let h(t) = 68*t**u + 3 - 4*t - 35*t**2 - 2 + 8. What is the hundreds digit of h(2)?
1
Suppose -6 = -5*z + 29. Let u(r) = 4 - 9 - 16*r - 13*r**2 - 5*r + r**3 - z. What is the tens digit of u(15)?
2
Let f = 4670 - 2161. Let g be f/9 + (-24)/(-108). Suppose b - 72 = -4*v + 37, 3*b - 4*v = g. What is the units digit of b?
7
Let p(i) = -2 - 3 - i + 1 + 2. Let r be p(-9). Suppose -d + r*d - 54 = 0. What is the units digit of d?
9
Let m(l) = 33*l - 15*l + 24*l - 47. What is the tens digit of m(13)?
9
Let n(c) = c**2 - 8*c + 17. Let u be n(10). Suppose -4*j - u = -229. Suppose 54*l - 1170 = j*l. What is the units digit of l?
5
Let a = -1222 - -1714. Let w = a - 162. What is the tens digit of w?
3
What is the hundreds digit of (21038040/25)/12 - (-13)/65?
1
Let u(o) be the third derivative of -5*o**2 - 1/8*o**4 + 1/6*o**3 + 0 + 3/40*o**6 - 1/60*o**5 + 0*o. What is the units digit of u(2)?
3
Let x(i) = 2*i**2 + 4 + 3 - 10*i - 18 - 1802*i**3. What is the thousands digit of x(-1)?
1
Let c be ((-54)/8)/((-6)/304). Suppose 0 = -5*y - c - 113. Let b = y + 166. What is the tens digit of b?
7
Let c(b) = 2*b**3 - 10*b**2 - b + 11. Let i(m) = m**3 - 9*m**2 + 12. Let l(x) = -2*c(x) + 3*i(x). What is the tens digit of l(-9)?
5
Suppose -j + 390 = 14*j. Let n(r) = r**3 - 23*r**2 - 31*r - 63. What is the tens digit of n(j)?
5
Suppose -241*d - 4424659 + 9404164 = -13083927. What is the tens digit of d?
5
Let n(y) be the third derivative of 1/30*y**5 + y**3 + 19*y**2 + 0 + 0*y - 7/24*y**4. What is the units digit of n(7)?
5
Let r be (11 - 10)*(0 + (569 - -2)). Let j = 384 - r. Let t = -98 - j. What is the units digit of t?
9
Let i(t) = 168*t - 587. What is the thousands digit of i(29)?
4
Let y(d) = 744*d**2 - 196*d + 778. What is the hundreds digit of y(4)?
8
Let q(k) = -k**2 - 10*k - 12. Let m be q(-8). Suppose 4*u = 4*n - 544 - 180, -m*n - 3*u + 752 = 0. What is the units digit of n?
5
Suppose -245*n + 19929 = -224*n. What is the units digit of n?
9
Let m(l) = -11*l - 50. Let h be (16 + -15)/((-1)/22). What is the tens digit of m(h)?
9
Let n = 45 + -43. Suppose -3*f - 187 + 157 = 0. What is the units digit of 312 + f + (n - 3)?
1
Let q = 26 - 21. Suppose -7*o + 116 = -q*o. Suppose -63 = -x + o. What is the tens digit of x?
2
Let k = 1685 + -991. Let u = -364 + k. Suppose u = 6*t - t. What is the units digit of t?
6
Let j(t) = t**3 - 17*t**2 + 14*t + 37. Let i be j(16). What is the hundreds digit of i*(38/95 - (-1666)/10)?
8
Suppose 3*y - 54395 = 2*n, -5*y + 180*n = 178*n - 90657. What is the hundreds digit of y?
1
Let n(g) = 6*g**3 - g**2 - 7*g - 10. Let y(l) = 2*l**2 + l. Let t be y(1). What is the tens digit of n(t)?
2
Suppose -l - h - 2*h = -132, 0 = -5*l + 4*h + 641. Let b(s) = -2*s - 32*s**3 - l + 129 - 3*s**2. What is the tens digit of b(-1)?
3
Suppose -d - 6 = -4. Let n be (5 + -10)*(7/(-5) - d). Let q(f) = -7*f**3 - 5*f**2 - 4*f - 4. What is the units digit of q(n)?
2
Let a(r) = -r + 13. Let f be a(7). Suppose u - 1 - f = j, 4*u - 3*j = 29. Suppose 630 = 14*w - u*w. What is the tens digit of w?
0
Suppose -10789755 = -361*l + 176*l. What is the tens digit of l?
2
Let z(j) be the third derivative of -5*j**4/24 + 3*j**3/2 + j**2. Let i be -7 + 4 + -6 - (-7 + 2). What is the tens digit of z(i)?
2
Suppose 0 = -490*i + 395*i + 1196050. What is the hundreds digit of i?
5
Suppose 1081*g - 1080*g - 16074 = 0. What is the ten thousands digit of g?
1
Suppose 5*j + 14 = -86. Let i = 21 + j. What is the units digit of i/4 - 1869/(-12)?
6
Suppose -2*x + 227 = -3*d, 0 = -5*x + x + 5*d + 459. Let v(m) = -m**3 + 3*m**2 + 8*m - 5. Let w be v(6). Let a = x + w. What is the units digit of a?
6
Let d = 5314 - 923. What is the units digit of d?
1
Let b = 9 - 6. Suppose 0 = 2*v + 2*g - 26, -g - 11 = 3*v - 5*v. Suppose -b*s - 155 = -v*s. What is the tens digit of s?
3
Suppose 0 = 99*h - 168908 - 1112152. What is the thousands digit of h?
2
What is the ten thousands digit of (16/(-32)*3)/(12/(-127664))?
1
Let m be (10/(-12))/(27/(-810)). Suppose -5*h - m = 0, 4*s - 2928 - 217 = h. What is the hundreds digit of s?
7
Suppose 5*o + 4*w = 110937 + 150463, -4*o = -w - 209120. What is the tens digit of o?
8
Suppose -415*y = -51326 - 2022844. What is the units digit of y?
8
Suppose 0 = -5*u + 5*c, 0 = -u - 0*c - c + 6. Suppose 0 = 4*q + u*x - 1146, 5*q + 52 = -2*x + 1488. What is the units digit of q?
8
Suppose 285 - 825 = -5*q. Suppose -4*t + q = -3528. What is the tens digit of t?
0
Suppose 12 = -5*g + 37. Suppose 0 = 4*q - g*a + 3, -3*q = q - 2*a + 6. What is the tens digit of (q/(-4))/((-3)/(-288))?
4
Suppose 2 + 8 = 5*c. Let f(u) = 3 + 2*u + 4*u**3 + 7*u**3 - 5*u**c + 2*u**2 - 10*u**3. What is the units digit of f(3)?
9
Let t(p) = -p**2 + 17*p - 55. Let m be t(10). Suppose 724 = m*x - 296. What is the tens digit of x?
6
Let p(k) = 358*k**2 + 33*k - 786. What is the thousands digit of p(15)?
0
Let d = 558 - 357. What is the tens digit of d*((-28)/(-6) - (-12 - -13))?
3
Suppose 63*v + 63 = 56*v. Let n(z) = -7*z + 3 + 5 - 5. What is the units digit of n(v)?
6
Let q be (-1 - -38)*1 + 2. Let y = q - 39. Let k(u) = -u**3 - u**2 + 48. What is the tens digit of k(y)?
4
Let y(o) = -8*o**3 - 23*o**2 + 23*o + 9. What is the units digit of y(-5)?
9
Let x(v) = -271*v**3 + 5*v**2 + 4*v. Suppose 3*n + 3*s = -2*s - 33, 0 = -3*n + 5*s - 3. Let b be (27/12 - 2)*(n - -2). What is the hundreds digit of x(b)?
2
Let o(a) = 158*a - 112. Let m be o(-8). Let d = m + 2177. What is the hundreds digit of d?
8
Suppose 195*a = 4*r + 196*a - 31100, -5*a = 5*r - 38860. What is the units digit of r?
6
Let o(d) = -d**3 + 5*d**2 - 1. Let f(v) = v**2 - 23*v + 9. Let r be f(23). Suppose -4*m + 10 = -u, -4*m - m + r = -3*u. What is the tens digit of o(u)?
1
Let g(i) = 28*i**2 + 12*i - 49. What is the tens digit of g(12)?
2
Let q(b) = -b**2 - 12*b - 22. Let v be (-4)/22 - (-97)/(-11). Let w be q(v). What is the tens digit of 30/(((-2)/w)/(5/(-25)))?
1
Let f(r) = -r**2 - 13*r - 34. Let j be f(-9). Suppose -2*m - 4*a = -3366, -5*m + j*a + 6910 + 1541 = 0. What is the hundreds digit of m?
6
Let y(f) = -582*f**3 - 8*f - 2. What is the units digit of y(-3)?
6
Let z(d) = 10*d**2 - 36*d + 16. What is the hundreds digit of z(18)?
6
Let w = -12254 - -12862. What is the tens digit of w?
0
Let o = -1398 + 624. Let b = o + 1653. What is the hundreds digit of b?
8
Suppose -4*f + 5*g = 2260, -3*g = -4*f - g - 2248. Let v = -278 - f. What is the hundreds digit of v?
2
Let q(h) = h**3 - 64*h**2 - 20*h + 125. What is the thousands digit of q(66)?
7
Let b = -19764 - -32825. What is the thousands digit of b?
3
Let s = 1 + 19. Suppose 0 = s*j - 15*j - 335. Suppose 3*z = -2*o + 7*o + 191, 0 = -z + o + j. What is the tens digit of z?
7
Suppose -t + 2*t = 2*r + 5, 0 = 3*r. Suppose 7*f - t*f = -12. What is the tens digit of 1685/30 + ((-1)/f)/(-1)?
5
Suppose 33935 - 13118 = 9*v. What is the tens digit of v?
1
Let u = -2 + 67. Let d = -58 + u. Suppose 0 = -2*h + d*h - 1460. What is the hundreds digit of h?
2
Suppose -583*u = -576*u - 18235. Let w = u - 1238. What is the thousands digit of w?
1
Let h = 87128 - 39498. What is the tens digit of h?
3
Let u(o) = 2*o + 44 + 2*o**2 - 16 + 69 + 0. What is the tens digit of u(21)?
2
Suppose 0 = 55*b - 52*b + 153. Let a = b + 54. Suppose 5*n = -2*z - z + 371, -n - 347 = -a*z. What is the units digit of z?
7
Let p be 477/(-6)*2/(-3). Let l = p - 28. Suppose -24*x - 34 = -l*x. What is t